 is divided by 37?
36
Calculate the remainder when 1412 is divided by 5.
2
What is the remainder when 464 is divided by 38?
8
What is the remainder when 901 is divided by 114?
103
What is the remainder when 113 is divided by 6?
5
Calculate the remainder when 1490 is divided by 186.
2
Calculate the remainder when 430 is divided by 27.
25
What is the remainder when 3810 is divided by 109?
104
What is the remainder when 171 is divided by 92?
79
What is the remainder when 2285 is divided by 16?
13
What is the remainder when 431 is divided by 24?
23
What is the remainder when 2155 is divided by 16?
11
What is the remainder when 148 is divided by 68?
12
What is the remainder when 592 is divided by 144?
16
What is the remainder when 312 is divided by 99?
15
Calculate the remainder when 601 is divided by 211.
179
Calculate the remainder when 379 is divided by 11.
5
Calculate the remainder when 40 is divided by 15.
10
Calculate the remainder when 784 is divided by 6.
4
Calculate the remainder when 360 is divided by 92.
84
Calculate the remainder when 554 is divided by 39.
8
What is the remainder when 90 is divided by 28?
6
What is the remainder when 1202 is divided by 592?
18
What is the remainder when 82 is divided by 25?
7
What is the remainder when 1394 is divided by 74?
62
Calculate the remainder when 84 is divided by 18.
12
What is the remainder when 70 is divided by 6?
4
Calculate the remainder when 1850 is divided by 743.
364
What is the remainder when 831 is divided by 257?
60
What is the remainder when 2427 is divided by 12?
3
What is the remainder when 477 is divided by 49?
36
Calculate the remainder when 912 is divided by 299.
15
Calculate the remainder when 615 is divided by 11.
10
Calculate the remainder when 156 is divided by 54.
48
What is the remainder when 838 is divided by 47?
39
Calculate the remainder when 19977 is divided by 60.
57
Calculate the remainder when 573 is divided by 41.
40
What is the remainder when 154 is divided by 16?
10
What is the remainder when 1773 is divided by 74?
71
Calculate the remainder when 82 is divided by 26.
4
Calculate the remainder when 324 is divided by 37.
28
Calculate the remainder when 1145 is divided by 125.
20
Calculate the remainder when 227 is divided by 9.
2
Calculate the remainder when 534 is divided by 180.
174
Calculate the remainder when 2814 is divided by 60.
54
Calculate the remainder when 3152 is divided by 166.
164
What is the remainder when 626 is divided by 130?
106
Calculate the remainder when 176 is divided by 168.
8
Calculate the remainder when 149 is divided by 25.
24
Calculate the remainder when 302 is divided by 96.
14
What is the remainder when 363 is divided by 123?
117
What is the remainder when 1804 is divided by 13?
10
Calculate the remainder when 66 is divided by 39.
27
What is the remainder when 4254 is divided by 23?
22
What is the remainder when 33 is divided by 3?
0
What is the remainder when 1454 is divided by 235?
44
Calculate the remainder when 1920 is divided by 200.
120
What is the remainder when 485 is divided by 20?
5
Calculate the remainder when 783 is divided by 8.
7
What is the remainder when 626 is divided by 30?
26
Calculate the remainder when 102 is divided by 53.
49
What is the remainder when 1259 is divided by 14?
13
Calculate the remainder when 156 is divided by 128.
28
Calculate the remainder when 169 is divided by 19.
17
Calculate the remainder when 7467 is divided by 45.
42
What is the remainder when 787 is divided by 758?
29
Calculate the remainder when 3919 is divided by 262.
251
What is the remainder when 391 is divided by 100?
91
What is the remainder when 2323 is divided by 7?
6
What is the remainder when 818 is divided by 406?
6
What is the remainder when 5225 is divided by 78?
77
Calculate the remainder when 444 is divided by 200.
44
Calculate the remainder when 996 is divided by 980.
16
What is the remainder when 397 is divided by 20?
17
What is the remainder when 54 is divided by 12?
6
What is the remainder when 160 is divided by 108?
52
Calculate the remainder when 79 is divided by 21.
16
Calculate the remainder when 1017 is divided by 12.
9
What is the remainder when 494 is divided by 45?
44
Calculate the remainder when 81 is divided by 44.
37
What is the remainder when 55 is divided by 11?
0
What is the remainder when 721 is divided by 354?
13
Calculate the remainder when 819 is divided by 182.
91
What is the remainder when 2748 is divided by 23?
11
Calculate the remainder when 174 is divided by 11.
9
What is the remainder when 170 is divided by 29?
25
Calculate the remainder when 2025 is divided by 669.
18
What is the remainder when 152 is divided by 107?
45
Calculate the remainder when 372 is divided by 61.
6
What is the remainder when 354 is divided by 63?
39
What is the remainder when 10670 is divided by 92?
90
What is the remainder when 503 is divided by 13?
9
What is the remainder when 539 is divided by 73?
28
What is the remainder when 120 is divided by 11?
10
What is the remainder when 4494 is divided by 36?
30
Calculate the remainder when 274 is divided by 6.
4
Calculate the remainder when 762 is divided by 17.
14
Calculate the remainder when 398 is divided by 375.
23
Calculate the remainder when 208 is divided by 81.
46
Calculate the remainder when 53 is divided by 8.
5
What is the remainder when 180 is divided by 31?
25
Calculate the remainder when 374 is divided by 329.
45
What is the remainder when 630 is divided by 3?
0
Calculate the remainder when 4479 is divided by 195.
189
Calculate the remainder when 258 is divided by 243.
15
What is the remainder when 1863 is divided by 33?
15
Calculate the remainder when 880 is divided by 31.
12
What is the remainder when 6287 is divided by 25?
12
What is the remainder when 6924 is divided by 22?
16
What is the remainder when 2085 is divided by 358?
295
Calculate the remainder when 178 is divided by 23.
17
What is the remainder when 12085 is divided by 8?
5
Calculate the remainder when 540 is divided by 92.
80
Calculate the remainder when 722 is divided by 69.
32
What is the remainder when 14857 is divided by 17?
16
Calculate the remainder when 565 is divided by 95.
90
What is the remainder when 1405 is divided by 58?
13
Calculate the remainder when 321 is divided by 25.
21
Calculate the remainder when 182 is divided by 13.
0
Calculate the remainder when 197 is divided by 20.
17
Calculate the remainder when 115 is divided by 15.
10
What is the remainder when 434 is divided by 58?
28
Calculate the remainder when 19457 is divided by 11.
9
What is the remainder when 391 is divided by 49?
48
Calculate the remainder when 837 is divided by 28.
25
Calculate the remainder when 122 is divided by 98.
24
Calculate the remainder when 1361 is divided by 229.
216
Calculate the remainder when 148 is divided by 37.
0
What is the remainder when 1585 is divided by 39?
25
Calculate the remainder when 5542 is divided by 36.
34
Calculate the remainder when 205 is divided by 103.
102
Calculate the remainder when 247 is divided by 66.
49
What is the remainder when 126 is divided by 4?
2
What is the remainder when 175 is divided by 23?
14
What is the remainder when 304 is divided by 44?
40
What is the remainder when 46 is divided by 3?
1
What is the remainder when 583 is divided by 74?
65
What is the remainder when 43 is divided by 22?
21
What is the remainder when 109 is divided by 24?
13
Calculate the remainder when 221 is divided by 112.
109
Calculate the remainder when 2837 is divided by 41.
8
Calculate the remainder when 2724 is divided by 389.
1
What is the remainder when 1081 is divided by 19?
17
Calculate the remainder when 19787 is divided by 11.
9
What is the remainder when 15 is divided by 2?
1
Calculate the remainder when 1558 is divided by 305.
33
What is the remainder when 2201 is divided by 24?
17
What is the remainder when 52 is divided by 9?
7
What is the remainder when 198 is divided by 53?
39
Calculate the remainder when 578 is divided by 114.
8
What is the remainder when 2956 is divided by 2954?
2
Calculate the remainder when 55 is divided by 41.
14
Calculate the remainder when 127 is divided by 21.
1
Calculate the remainder when 729 is divided by 149.
133
What is the remainder when